e greatest common factor of 196 and 12404.
28
Calculate the highest common divisor of 114513 and 133.
133
Calculate the highest common divisor of 37 and 1250008.
37
What is the highest common factor of 43791 and 2640?
33
Calculate the highest common divisor of 8775 and 1950.
975
Calculate the highest common divisor of 2683296 and 44.
44
What is the highest common divisor of 24 and 990056?
8
Calculate the highest common divisor of 1105 and 129948.
221
Calculate the greatest common factor of 1056 and 5412.
132
Calculate the greatest common factor of 480879 and 765.
153
What is the greatest common divisor of 201810 and 870?
30
Calculate the greatest common factor of 16 and 8696.
8
Calculate the highest common factor of 25256 and 33.
11
What is the highest common divisor of 490 and 135758?
14
What is the greatest common factor of 1883 and 40350?
269
What is the greatest common divisor of 540 and 28680?
60
What is the greatest common factor of 6507 and 2410?
241
Calculate the greatest common factor of 253450 and 740.
370
What is the highest common factor of 61 and 102?
1
What is the highest common divisor of 2114 and 2?
2
Calculate the highest common divisor of 11970 and 116010.
90
Calculate the highest common divisor of 5538 and 1420.
142
What is the highest common factor of 52294 and 176?
22
What is the greatest common factor of 8924 and 1127?
23
What is the greatest common divisor of 473 and 729839?
473
Calculate the highest common divisor of 2324 and 60922.
166
What is the greatest common divisor of 11158 and 35?
7
Calculate the highest common factor of 1056 and 330220.
44
Calculate the greatest common factor of 3724 and 70.
14
Calculate the highest common factor of 1273 and 7562.
19
What is the highest common divisor of 6136 and 1560?
104
Calculate the greatest common factor of 4023 and 646213.
149
Calculate the highest common divisor of 25433 and 464.
29
What is the highest common divisor of 416 and 9607?
13
What is the greatest common factor of 1520 and 1282?
2
What is the highest common factor of 20080 and 144?
16
What is the highest common factor of 22855 and 245?
35
What is the highest common divisor of 579 and 1524893?
193
Calculate the greatest common factor of 3956 and 299.
23
Calculate the highest common divisor of 14894 and 56191.
677
What is the greatest common factor of 604 and 37599?
151
Calculate the highest common factor of 760 and 75335.
95
Calculate the highest common divisor of 670656 and 12.
12
Calculate the greatest common factor of 33368 and 989.
43
What is the greatest common factor of 620 and 21328?
124
What is the highest common factor of 16 and 9216?
16
What is the highest common factor of 116170 and 90?
10
Calculate the greatest common divisor of 12 and 38258.
2
Calculate the highest common divisor of 4193 and 196.
7
Calculate the highest common factor of 420 and 3122.
14
What is the greatest common divisor of 271 and 1107035?
271
Calculate the greatest common divisor of 3711 and 135.
3
What is the greatest common factor of 999 and 52244?
37
Calculate the highest common factor of 2000 and 75.
25
What is the greatest common divisor of 75638 and 5769?
641
Calculate the greatest common divisor of 3920 and 2080.
80
Calculate the highest common divisor of 181647 and 9.
9
Calculate the greatest common factor of 47145 and 46247.
449
Calculate the highest common factor of 387 and 98001.
9
What is the highest common divisor of 801 and 3616515?
801
Calculate the highest common divisor of 195 and 18473.
13
Calculate the highest common factor of 1037 and 2941.
17
What is the highest common divisor of 16590 and 180?
30
What is the greatest common divisor of 9774 and 486?
54
Calculate the highest common factor of 972440 and 140.
140
Calculate the highest common divisor of 6370 and 15190.
490
Calculate the greatest common factor of 42 and 107511.
3
Calculate the greatest common divisor of 93511 and 660.
11
What is the greatest common factor of 310 and 87575?
155
What is the highest common factor of 38339 and 182?
7
Calculate the highest common factor of 2455659 and 281.
281
Calculate the highest common factor of 1255 and 1035.
5
What is the greatest common factor of 13 and 3168139?
13
What is the greatest common factor of 625 and 10775?
25
What is the greatest common factor of 26568 and 32?
8
Calculate the greatest common divisor of 11312 and 38986.
202
What is the highest common factor of 45 and 3896835?
15
Calculate the greatest common divisor of 7710 and 1110.
30
What is the highest common factor of 72 and 1902024?
72
Calculate the greatest common factor of 1007811 and 1071.
1071
What is the highest common divisor of 14 and 224350?
14
What is the greatest common factor of 539312 and 64?
16
Calculate the highest common divisor of 145625 and 233.
233
Calculate the greatest common divisor of 558 and 586644.
186
Calculate the highest common factor of 10586 and 7031.
79
What is the highest common divisor of 66 and 41679?
33
Calculate the highest common factor of 17589 and 24882.
429
Calculate the greatest common factor of 996 and 10056.
12
Calculate the greatest common factor of 228 and 187020.
12
Calculate the highest common factor of 584930 and 10.
10
Calculate the highest common divisor of 66 and 201168.
66
Calculate the highest common factor of 61722 and 550926.
2286
What is the highest common divisor of 8128 and 1143?
127
Calculate the highest common factor of 4392350 and 50.
50
What is the highest common factor of 2183047 and 904?
113
What is the highest common divisor of 565 and 170?
5
What is the highest common factor of 22680 and 1484?
28
What is the highest common divisor of 516 and 844?
4
Calculate the greatest common factor of 63516 and 6.
6
Calculate the greatest common factor of 470 and 517.
47
What is the highest common factor of 42 and 5317942?
14
What is the highest common factor of 47946 and 6954?
366
Calculate the greatest common divisor of 88 and 750706.
22
What is the highest common factor of 41085 and 715?
55
What is the greatest common factor of 1059 and 3?
3
Calculate the greatest common divisor of 230 and 11270.
230
What is the greatest common factor of 15249 and 204?
51
Calculate the highest common divisor of 896 and 17766.
14
Calculate the greatest common divisor of 3706 and 2856.
34
What is the greatest common divisor of 18920 and 352?
88
Calculate the greatest common factor of 4494450 and 450.
150
Calculate the highest common divisor of 128 and 1332.
4
Calculate the highest common divisor of 1684649 and 164.
41
What is the greatest common factor of 4648 and 5264?
56
What is the highest common factor of 58426 and 1310?
262
What is the highest common divisor of 528378 and 3486?
498
Calculate the highest common divisor of 34 and 157114.
34
Calculate the highest common factor of 9992 and 328.
8
What is the highest common factor of 49 and 91973?
49
What is the highest common divisor of 18707 and 117?
13
What is the highest common divisor of 720 and 143010?
90
What is the greatest common factor of 35 and 5089?
7
Calculate the greatest common factor of 1329121 and 2388.
199
Calculate the highest common factor of 12035 and 332.
83
What is the greatest common factor of 8762 and 78?
26
Calculate the greatest common divisor of 84 and 1631.
7
Calculate the highest common divisor of 3066 and 4641.
21
Calculate the highest common divisor of 79857 and 57.
57
Calculate the greatest common factor of 222 and 391978.
74
What is the highest common divisor of 652 and 75958?
326
What is the highest common factor of 6204 and 32890?
22
What is the greatest common divisor of 42295 and 385?
55
Calculate the highest common divisor of 486 and 1270890.
486
Calculate the highest common factor of 1395 and 66030.
465
Calculate the greatest common divisor of 3 and 1334739.
3
Calculate the greatest common divisor of 575 and 6725.
25
Calculate the highest common factor of 56 and 1043.
7
Calculate the highest common factor of 528 and 129008.
176
What is the greatest common divisor of 265200 and 7280?
1040
What is the greatest common divisor of 247 and 4537?
13
Calculate the highest common divisor of 236721 and 57.
57
Calculate the highest common factor of 1955857 and 37.
37
What is the highest common factor of 8544 and 58473?
267
What i